8
What is the highest common divisor of 1391 and 3653?
13
What is the greatest common divisor of 144002 and 809?
809
What is the greatest common factor of 2538 and 24?
6
Calculate the greatest common divisor of 29002 and 2856.
34
What is the highest common divisor of 400957 and 188?
47
Calculate the highest common divisor of 349733 and 395.
79
What is the highest common factor of 1258 and 14?
2
What is the greatest common divisor of 122574 and 2046?
186
What is the highest common factor of 11214 and 81?
9
Calculate the highest common divisor of 405 and 114039.
9
Calculate the greatest common factor of 1095 and 59860.
365
What is the greatest common factor of 3014 and 309346?
274
What is the highest common divisor of 92 and 173926?
46
What is the highest common factor of 248 and 210242?
62
Calculate the highest common divisor of 129960 and 1080.
360
What is the greatest common divisor of 1415 and 2245?
5
What is the highest common factor of 5986 and 1971?
73
What is the highest common factor of 2256410 and 20?
10
Calculate the highest common divisor of 20104 and 8288.
56
What is the greatest common divisor of 48372 and 5104?
116
Calculate the greatest common factor of 746938 and 656.
82
What is the highest common factor of 7 and 15377?
1
What is the greatest common divisor of 6682 and 806?
26
Calculate the highest common divisor of 26203 and 2.
1
What is the highest common factor of 11214 and 306?
18
Calculate the highest common divisor of 141 and 1417755.
141
What is the highest common factor of 927 and 99704?
103
What is the greatest common factor of 119 and 6265?
7
Calculate the greatest common divisor of 16 and 2033908.
4
What is the greatest common factor of 11800 and 148916?
236
Calculate the highest common divisor of 16142 and 112.
14
What is the highest common divisor of 57 and 303411?
57
What is the greatest common divisor of 28718 and 332?
166
What is the greatest common factor of 3225240 and 340?
340
What is the highest common factor of 16 and 119040?
16
Calculate the highest common divisor of 39 and 107614.
13
Calculate the highest common factor of 228915 and 45.
45
Calculate the greatest common divisor of 182 and 1057742.
14
What is the highest common factor of 2040 and 92888?
136
Calculate the greatest common factor of 748 and 247588.
748
What is the highest common factor of 531 and 5202?
9
Calculate the highest common divisor of 272 and 49496.
8
Calculate the greatest common divisor of 83052 and 36.
36
Calculate the greatest common divisor of 92536 and 1720.
344
What is the greatest common divisor of 6845 and 41255?
185
Calculate the greatest common divisor of 4154 and 938.
134
Calculate the highest common divisor of 15 and 742585.
5
Calculate the greatest common factor of 1768 and 83928.
104
Calculate the greatest common divisor of 21 and 1013.
1
Calculate the greatest common divisor of 248204 and 22.
22
Calculate the highest common factor of 39171 and 231.
33
What is the greatest common factor of 71350 and 25?
25
What is the highest common factor of 267604 and 3143?
449
What is the greatest common divisor of 440228 and 11932?
628
What is the greatest common divisor of 6692 and 781052?
956
Calculate the greatest common factor of 6462 and 666.
18
Calculate the greatest common factor of 28 and 31514.
14
What is the highest common divisor of 5848 and 2408?
344
What is the greatest common factor of 316 and 550?
2
Calculate the greatest common divisor of 747143 and 41.
41
What is the highest common factor of 14999 and 265?
53
What is the greatest common factor of 2525264 and 7?
7
Calculate the greatest common divisor of 78 and 28821.
39
What is the highest common divisor of 41612 and 28222?
206
Calculate the highest common divisor of 16119 and 36.
9
Calculate the greatest common divisor of 3548809 and 7645.
1529
What is the greatest common divisor of 1122 and 174318?
102
Calculate the highest common divisor of 3268 and 456380.
76
What is the highest common factor of 2053163 and 524?
131
What is the highest common divisor of 11028 and 76?
4
What is the greatest common divisor of 736 and 676108?
92
Calculate the greatest common divisor of 74155 and 15.
5
Calculate the highest common factor of 11311 and 2.
1
What is the greatest common divisor of 60 and 615?
15
Calculate the highest common factor of 208 and 153504.
208
Calculate the highest common factor of 424 and 260389.
53
What is the greatest common factor of 98 and 260085?
7
What is the greatest common factor of 33 and 2164767?
33
Calculate the greatest common divisor of 5473 and 10985.
13
Calculate the highest common divisor of 810 and 9630.
90
Calculate the greatest common factor of 304 and 1008.
16
Calculate the greatest common divisor of 4137 and 148538.
197
Calculate the highest common divisor of 78 and 27339.
39
Calculate the highest common divisor of 574 and 53792.
82
Calculate the highest common divisor of 1947 and 45607.
59
What is the greatest common divisor of 21312 and 45?
9
Calculate the highest common factor of 540 and 3213.
27
What is the greatest common factor of 10556 and 49140?
364
What is the greatest common divisor of 8671 and 184?
23
What is the highest common divisor of 3692 and 8?
4
What is the greatest common factor of 1722 and 4746?
42
Calculate the highest common divisor of 868286 and 382.
382
What is the greatest common divisor of 81 and 1107?
27
Calculate the highest common divisor of 43420 and 30.
10
What is the greatest common factor of 40 and 662740?
20
What is the greatest common divisor of 77 and 8767?
11
What is the greatest common divisor of 40076 and 8987?
43
What is the highest common factor of 76 and 18829?
19
Calculate the highest common factor of 21 and 7590807.
21
What is the highest common factor of 4 and 11612?
4
What is the highest common factor of 30 and 9155?
5
What is the highest common divisor of 500 and 172500?
500
What is the highest common divisor of 24384 and 1056?
96
Calculate the highest common factor of 500 and 105150.
50
Calculate the highest common factor of 7987 and 1274.
49
Calculate the greatest common divisor of 612 and 19788.
204
Calculate the greatest common factor of 36909 and 2241.
27
Calculate the highest common divisor of 171 and 506901.
57
What is the greatest common divisor of 315 and 118230?
105
What is the highest common factor of 9966 and 438?
6
Calculate the highest common divisor of 186372 and 12.
12
What is the highest common factor of 56 and 127768?
8
Calculate the greatest common divisor of 41984 and 29848.
328
What is the greatest common divisor of 10633295 and 5?
5
Calculate the greatest common factor of 361 and 103.
1
What is the highest common factor of 598 and 227010?
46
Calculate the highest common divisor of 13 and 7483099.
13
Calculate the greatest common factor of 13195 and 11977.
203
What is the highest common divisor of 1050 and 493850?
350
What is the highest common divisor of 47120 and 465?
155
Calculate the greatest common factor of 40581 and 64462.
167
What is the greatest common divisor of 1100865 and 5?
5
Calculate the highest common factor of 9312 and 45978.
582
Calculate the highest common divisor of 36 and 30028.
4
Calculate the greatest common factor of 2790 and 310930.
310
Calculate the highest common factor of 13373 and 122534.
311
Calculate the highest common divisor of 193080 and 3840.
120
What is the greatest common factor of 120 and 394350?
30
Calculate the greatest common factor of 1 and 63197.
1
Calculate the highest common divisor of 482 and 6272748.
482
What is the highest common factor of 3375 and 9315?
135
What is the highest common factor of 12 and 1204208?
4
What is the highest common factor of 585088 and 1792?
896
Calculate the highest common factor of 3270108 and 24.
12
What is the greatest common divisor of 445914 and 1638?
126
Calculate the highest common divisor of 26752 and 11286.
418
What is the highest common divisor of 135 and 435?
15
Calculate the greatest common divisor of 23600 and 160.
80
Calculate the highest common divisor of 65 and 66235.
65
Calculate the greatest common divisor of 2805768 and 108.
36
What is the greatest common divisor of 56 and 2706564?
28
Calculate the highest common divisor of 109216 and 80.
16
What is the greatest common factor o